{"id":11,"date":"2019-09-02T09:53:16","date_gmt":"2019-09-02T07:53:16","guid":{"rendered":"https:\/\/www.mazapanesbarroso.com\/blog\/?page_id=11"},"modified":"2020-07-22T14:58:48","modified_gmt":"2020-07-22T12:58:48","slug":"elaboracion-artesanal","status":"publish","type":"page","link":"https:\/\/www.mazapanesbarroso.com\/blog\/elaboracion-artesanal\/","title":{"rendered":"Elaboraci\u00f3n Artesanal"},"content":{"rendered":"<section class=\"l-section wpb_row height_medium width_full\" style=\"margin-top: 0px !important;\"><div class=\"l-section-h i-cf\" style=\"padding-top: 0px !important;padding-bottom: 0px !important;\"><div class=\"g-cols vc_row type_default valign_top\"><div class=\"vc_col-sm-12 wpb_column vc_column_container\"><div class=\"vc_column-inner  vc_custom_1569829762751\"><div class=\"wpb_wrapper\"><div class=\"w-slider style_none vc_custom_1571231389719\"><div class=\"w-slider-h\"><div class=\"royalSlider\"><div class=\"rsContent\"><a class=\"rsImg\" data-rsw=\"1920\" data-rsh=\"500\" href=\"https:\/\/www.mazapanesbarroso.com\/blog\/wp-content\/uploads\/2019\/10\/mazapan-ingredientes-slider.png\"><span data-alt=\"\"><\/span><\/a><\/div><div class=\"rsContent\"><a class=\"rsImg\" data-rsw=\"1920\" data-rsh=\"500\" href=\"https:\/\/www.mazapanesbarroso.com\/blog\/wp-content\/uploads\/2019\/10\/mazapan-receta-1920x500.png\"><span data-alt=\"\"><\/span><\/a><\/div><div class=\"rsContent\"><a class=\"rsImg\" data-rsw=\"1024\" data-rsh=\"500\" href=\"https:\/\/www.mazapanesbarroso.com\/blog\/wp-content\/uploads\/2019\/09\/Foto-3-1024x500.jpg\"><span data-alt=\"\"><\/span><\/a><\/div><div class=\"rsContent\"><a class=\"rsImg\" data-rsw=\"1920\" data-rsh=\"500\" href=\"https:\/\/www.mazapanesbarroso.com\/blog\/wp-content\/uploads\/2019\/10\/venta-mazapanes-al-por-mayor-1920x500.png\"><span data-alt=\"\"><\/span><\/a><\/div><div class=\"rsContent\"><a class=\"rsImg\" data-rsw=\"1200\" data-rsh=\"500\" href=\"https:\/\/www.mazapanesbarroso.com\/blog\/wp-content\/uploads\/2019\/10\/mazapan-casero-1200x500.png\"><span data-alt=\"maestros artesanos en mazapanes\"><\/span><\/a><\/div><\/div><img src=\"https:\/\/www.mazapanesbarroso.com\/blog\/wp-content\/uploads\/2019\/10\/mazapan-ingredientes-slider.png\" alt=\"\"><\/div><div class=\"w-slider-json\" onclick='return {&quot;loop&quot;:true,&quot;fadeInLoadedSlide&quot;:false,&quot;slidesSpacing&quot;:0,&quot;imageScalePadding&quot;:0,&quot;numImagesToPreload&quot;:2,&quot;arrowsNav&quot;:true,&quot;arrowsNavAutoHide&quot;:true,&quot;transitionType&quot;:&quot;move&quot;,&quot;transitionSpeed&quot;:2000,&quot;block&quot;:{&quot;moveEffect&quot;:&quot;none&quot;,&quot;speed&quot;:300},&quot;controlNavigation&quot;:&quot;bullets&quot;,&quot;autoplay&quot;:{&quot;enabled&quot;:true,&quot;pauseOnHover&quot;:true,&quot;delay&quot;:4000},&quot;imageScaleMode&quot;:&quot;fit-if-smaller&quot;,&quot;autoScaleSlider&quot;:true,&quot;autoScaleSliderWidth&quot;:1920,&quot;autoScaleSliderHeight&quot;:500,&quot;fitInViewport&quot;:false}'><\/div><\/div><\/div><\/div><\/div><\/div><\/div><\/section><section class=\"l-section wpb_row height_medium\" style=\"margin-bottom: 0px !important;\"><div class=\"l-section-h i-cf\" style=\"padding-bottom: 0px !important;\"><div class=\"g-cols vc_row type_default valign_top\"><div class=\"vc_col-sm-12 wpb_column vc_column_container\"><div class=\"vc_column-inner\"><div class=\"wpb_wrapper\">\r\n\t<div class=\"wpb_text_column  title-size\">\r\n\t\t<div class=\"wpb_wrapper\">\r\n\t\t\t<h1 style=\"text-align: center;\" align=\"center\"><span style=\"font-family: Algerian;\">NUESTRA ARTESAN\u00cdA PASO A PASO<\/span><\/h1>\n\r\n\t\t<\/div>\r\n\t<\/div>\r\n<\/div><\/div><\/div><\/div><\/div><\/section><section class=\"l-section wpb_row height_medium\" style=\"margin-top: 3rem !important;margin-bottom: 5rem !important;\"><div class=\"l-section-h i-cf\"><div class=\"g-cols vc_row type_default valign_top\"><div class=\"vc_col-sm-12 wpb_column vc_column_container\"><div class=\"vc_column-inner\"><div class=\"wpb_wrapper\"><div class=\"w-tabs layout_hor style_timeline switch_click icon_chevron iconpos_right \"><div class=\"w-tabs-list hidden items_5\"><div class=\"w-tabs-list-h\"><div class=\"w-tabs-item active\"><div class=\"w-tabs-item-h\"><span class=\"w-tabs-item-title\">Paso 1<\/span><\/div><\/div><div class=\"w-tabs-item\"><div class=\"w-tabs-item-h\"><span class=\"w-tabs-item-title\">Paso 2<\/span><\/div><\/div><div class=\"w-tabs-item\"><div class=\"w-tabs-item-h\"><span class=\"w-tabs-item-title\">Paso 3<\/span><\/div><\/div><div class=\"w-tabs-item\"><div class=\"w-tabs-item-h\"><span class=\"w-tabs-item-title\">Paso 4<\/span><\/div><\/div><div class=\"w-tabs-item\"><div class=\"w-tabs-item-h\"><span class=\"w-tabs-item-title\">Paso 5<\/span><\/div><\/div><\/div><\/div><div class=\"w-tabs-sections\"><div class=\"w-tabs-sections-h\"><div class=\"w-tabs-section active\" id=\"1567601150095-9afcb21d-3332\"><a href=\"#1567601150095-9afcb21d-3332\" class=\"w-tabs-section-header\"><div class=\"w-tabs-section-header-h\"><div class=\"w-tabs-section-title\">Paso 1<\/div><div class=\"w-tabs-section-control\"><\/div><\/div><\/a><div class=\"w-tabs-section-content\"><div class=\"w-tabs-section-content-h i-cf\"><div class=\"g-cols wpb_row  type_default valign_top vc_inner \"><div class=\"vc_col-sm-6 wpb_column vc_column_container\"><div class=\"vc_column-inner\"><div class=\"wpb_wrapper\"><div class=\"w-image align_center\"><div class=\"w-image-h\"><img width=\"900\" height=\"500\" src=\"https:\/\/www.mazapanesbarroso.com\/blog\/wp-content\/uploads\/2019\/09\/mazapan-ingredientes-900x500.png\" class=\"attachment-us_900_500_crop size-us_900_500_crop\" alt=\"mazapan ingredientes\" loading=\"lazy\" \/><\/div><\/div><\/div><\/div><\/div><div class=\"vc_col-sm-6 wpb_column vc_column_container\"><div class=\"vc_column-inner\"><div class=\"wpb_wrapper\">\r\n\t<div class=\"wpb_text_column \">\r\n\t\t<div class=\"wpb_wrapper\">\r\n\t\t\t<h2 style=\"text-align: center;\">SELECCI\u00d3N DE INGREDIENTES<\/h2>\n\r\n\t\t<\/div>\r\n\t<\/div>\r\n\r\n\t<div class=\"wpb_text_column \">\r\n\t\t<div class=\"wpb_wrapper\">\r\n\t\t\t<p>El proceso de fabricaci\u00f3n del mazap\u00e1n se inicia con la selecci\u00f3n cuidadosa de los ingredientes principales de la masa del mazap\u00e1n: Almendra Marcona nacional y az\u00facar, para su molienda y elaboraci\u00f3n del producto de mazap\u00e1n que se quiera realizar.<\/p>\n\r\n\t\t<\/div>\r\n\t<\/div>\r\n<\/div><\/div><\/div><\/div><\/div><\/div><\/div><div class=\"w-tabs-section\" id=\"1567601150115-ff622b55-f800\"><a href=\"#1567601150115-ff622b55-f800\" class=\"w-tabs-section-header\"><div class=\"w-tabs-section-header-h\"><div class=\"w-tabs-section-title\">Paso 2<\/div><div class=\"w-tabs-section-control\"><\/div><\/div><\/a><div class=\"w-tabs-section-content\"><div class=\"w-tabs-section-content-h i-cf\"><div class=\"g-cols wpb_row  type_default valign_top vc_inner \"><div class=\"vc_col-sm-6 wpb_column vc_column_container\"><div class=\"vc_column-inner\"><div class=\"wpb_wrapper\"><div class=\"w-image align_center\"><div class=\"w-image-h\"><img width=\"900\" height=\"500\" src=\"https:\/\/www.mazapanesbarroso.com\/blog\/wp-content\/uploads\/2019\/09\/como-hacer-mazapan-900x500.png\" class=\"attachment-us_900_500_crop size-us_900_500_crop\" alt=\"como hacer un mazapan\" loading=\"lazy\" \/><\/div><\/div><\/div><\/div><\/div><div class=\"vc_col-sm-6 wpb_column vc_column_container\"><div class=\"vc_column-inner\"><div class=\"wpb_wrapper\">\r\n\t<div class=\"wpb_text_column \">\r\n\t\t<div class=\"wpb_wrapper\">\r\n\t\t\t<h2 style=\"text-align: center;\">MOLDEAR<\/h2>\n<p>Preparada la pasta de mazap\u00e1n se procede a moldear con las manos la figura deseada, en este caso, seg\u00fan imagen, \u00a0anguila de mazap\u00e1n.<\/p>\n\r\n\t\t<\/div>\r\n\t<\/div>\r\n<\/div><\/div><\/div><\/div><\/div><\/div><\/div><div class=\"w-tabs-section\" id=\"1567601312042-3620532c-0495\"><a href=\"#1567601312042-3620532c-0495\" class=\"w-tabs-section-header\"><div class=\"w-tabs-section-header-h\"><div class=\"w-tabs-section-title\">Paso 3<\/div><div class=\"w-tabs-section-control\"><\/div><\/div><\/a><div class=\"w-tabs-section-content\"><div class=\"w-tabs-section-content-h i-cf\"><div class=\"g-cols wpb_row  type_default valign_top vc_inner \"><div class=\"vc_col-sm-6 wpb_column vc_column_container\"><div class=\"vc_column-inner\"><div class=\"wpb_wrapper\"><div class=\"w-image align_center\"><div class=\"w-image-h\"><img width=\"900\" height=\"500\" src=\"https:\/\/www.mazapanesbarroso.com\/blog\/wp-content\/uploads\/2019\/09\/mazapan-casero-900x500.png\" class=\"attachment-us_900_500_crop size-us_900_500_crop\" alt=\"mazapan casero\" loading=\"lazy\" \/><\/div><\/div><\/div><\/div><\/div><div class=\"vc_col-sm-6 wpb_column vc_column_container\"><div class=\"vc_column-inner\"><div class=\"wpb_wrapper\">\r\n\t<div class=\"wpb_text_column \">\r\n\t\t<div class=\"wpb_wrapper\">\r\n\t\t\t<h2 style=\"text-align: center;\">HORNEAR<\/h2>\n<p>Seguidamente se hornea para su enfriamiento y proceder a su terminaci\u00f3n.<\/p>\n\r\n\t\t<\/div>\r\n\t<\/div>\r\n<\/div><\/div><\/div><\/div><\/div><\/div><\/div><div class=\"w-tabs-section\" id=\"1567601320498-0ef3db97-6cde\"><a href=\"#1567601320498-0ef3db97-6cde\" class=\"w-tabs-section-header\"><div class=\"w-tabs-section-header-h\"><div class=\"w-tabs-section-title\">Paso 4<\/div><div class=\"w-tabs-section-control\"><\/div><\/div><\/a><div class=\"w-tabs-section-content\"><div class=\"w-tabs-section-content-h i-cf\"><div class=\"g-cols wpb_row  type_default valign_top vc_inner \"><div class=\"vc_col-sm-6 wpb_column vc_column_container\"><div class=\"vc_column-inner\"><div class=\"wpb_wrapper\"><div class=\"w-image align_none\"><div class=\"w-image-h\"><img width=\"1024\" height=\"768\" src=\"https:\/\/www.mazapanesbarroso.com\/blog\/wp-content\/uploads\/2019\/09\/Foto-4-1024x768.jpg\" class=\"attachment-large size-large\" alt=\"como hacer mazapan\" loading=\"lazy\" srcset=\"https:\/\/www.mazapanesbarroso.com\/blog\/wp-content\/uploads\/2019\/09\/Foto-4.jpg 1024w, https:\/\/www.mazapanesbarroso.com\/blog\/wp-content\/uploads\/2019\/09\/Foto-4-300x225.jpg 300w, https:\/\/www.mazapanesbarroso.com\/blog\/wp-content\/uploads\/2019\/09\/Foto-4-600x450.jpg 600w, https:\/\/www.mazapanesbarroso.com\/blog\/wp-content\/uploads\/2019\/09\/Foto-4-350x263.jpg 350w\" sizes=\"(max-width: 1024px) 100vw, 1024px\" \/><\/div><\/div><\/div><\/div><\/div><div class=\"vc_col-sm-6 wpb_column vc_column_container\"><div class=\"vc_column-inner\"><div class=\"wpb_wrapper\">\r\n\t<div class=\"wpb_text_column \">\r\n\t\t<div class=\"wpb_wrapper\">\r\n\t\t\t<h2 style=\"text-align: center;\">DECORACI\u00d3N A MANO<\/h2>\n<p>En este proceso, ya empaquetada en la caja especial de anguilas, son decoradas con Glasa Real \u2013 a mano una a una con diferentes dibujos \u2013 y guarnecidas con frutas escarchadas.<\/p>\n\r\n\t\t<\/div>\r\n\t<\/div>\r\n<\/div><\/div><\/div><\/div><\/div><\/div><\/div><div class=\"w-tabs-section\" id=\"1569322884926-58e2bbfe-67ce\"><a href=\"#1569322884926-58e2bbfe-67ce\" class=\"w-tabs-section-header\"><div class=\"w-tabs-section-header-h\"><div class=\"w-tabs-section-title\">Paso 5<\/div><div class=\"w-tabs-section-control\"><\/div><\/div><\/a><div class=\"w-tabs-section-content\"><div class=\"w-tabs-section-content-h i-cf\"><div class=\"g-cols wpb_row  type_default valign_top vc_inner \"><div class=\"vc_col-sm-6 wpb_column vc_column_container\"><div class=\"vc_column-inner\"><div class=\"wpb_wrapper\"><div class=\"w-image align_none\"><div class=\"w-image-h\"><img width=\"1024\" height=\"768\" src=\"https:\/\/www.mazapanesbarroso.com\/blog\/wp-content\/uploads\/2019\/09\/paso-final-elaboracion-mazapan-1024x768.jpg\" class=\"attachment-large size-large\" alt=\"mazapan\" loading=\"lazy\" srcset=\"https:\/\/www.mazapanesbarroso.com\/blog\/wp-content\/uploads\/2019\/09\/paso-final-elaboracion-mazapan.jpg 1024w, https:\/\/www.mazapanesbarroso.com\/blog\/wp-content\/uploads\/2019\/09\/paso-final-elaboracion-mazapan-300x225.jpg 300w, https:\/\/www.mazapanesbarroso.com\/blog\/wp-content\/uploads\/2019\/09\/paso-final-elaboracion-mazapan-600x450.jpg 600w, https:\/\/www.mazapanesbarroso.com\/blog\/wp-content\/uploads\/2019\/09\/paso-final-elaboracion-mazapan-350x263.jpg 350w\" sizes=\"(max-width: 1024px) 100vw, 1024px\" \/><\/div><\/div><\/div><\/div><\/div><div class=\"vc_col-sm-6 wpb_column vc_column_container\"><div class=\"vc_column-inner\"><div class=\"wpb_wrapper\">\r\n\t<div class=\"wpb_text_column \">\r\n\t\t<div class=\"wpb_wrapper\">\r\n\t\t\t<h2 style=\"text-align: center;\">EMPAQUETADO Y ETIQUETADO<\/h2>\n<p>Terminado el proceso de elaboraci\u00f3n y decoraci\u00f3n se procede al empaquetado y etiquetado final del producto para la degustaci\u00f3n del cliente.<\/p>\n\r\n\t\t<\/div>\r\n\t<\/div>\r\n<\/div><\/div><\/div><\/div><\/div><\/div><\/div><\/div><\/div><\/div><\/div><\/div><\/div><\/div><\/div><\/section>\n","protected":false},"excerpt":{"rendered":"NUESTRA ARTESAN\u00cdA PASO A PASO Paso 1Paso 2Paso 3Paso 4Paso 5Paso 1 SELECCI\u00d3N DE INGREDIENTES El proceso de fabricaci\u00f3n del mazap\u00e1n se inicia con la selecci\u00f3n cuidadosa de los ingredientes principales de la masa del mazap\u00e1n: Almendra Marcona nacional y az\u00facar, para su molienda y elaboraci\u00f3n del producto de mazap\u00e1n que se quiera realizar. Paso...","protected":false},"author":1,"featured_media":0,"parent":0,"menu_order":0,"comment_status":"closed","ping_status":"closed","template":"","meta":[],"yoast_head":"<!-- This site is optimized with the Yoast SEO plugin v17.1 - https:\/\/yoast.com\/wordpress\/plugins\/seo\/ -->\n<title>Elaboraci\u00f3n de Mazap\u00e1n | Paso a paso - Mazapanes Barroso<\/title>\n<meta name=\"description\" content=\"Entra y descubre c\u00f3mo hacer mazapanes artesanales de manera sencilla paso a paso. Ent\u00e9rate de todo lo que debes saber de mazapanes y los mejores secretos.\" \/>\n<meta name=\"robots\" content=\"index, follow, max-snippet:-1, max-image-preview:large, max-video-preview:-1\" \/>\n<link rel=\"canonical\" href=\"https:\/\/www.mazapanesbarroso.com\/blog\/elaboracion-artesanal\/\" \/>\n<meta property=\"og:locale\" content=\"es_ES\" \/>\n<meta property=\"og:type\" content=\"article\" \/>\n<meta property=\"og:title\" content=\"Elaboraci\u00f3n de Mazap\u00e1n | Paso a paso - Mazapanes Barroso\" \/>\n<meta property=\"og:description\" content=\"Entra y descubre c\u00f3mo hacer mazapanes artesanales de manera sencilla paso a paso. Ent\u00e9rate de todo lo que debes saber de mazapanes y los mejores secretos.\" \/>\n<meta property=\"og:url\" content=\"https:\/\/www.mazapanesbarroso.com\/blog\/elaboracion-artesanal\/\" \/>\n<meta property=\"og:site_name\" content=\"Mazapanes Barroso\" \/>\n<meta property=\"article:modified_time\" content=\"2020-07-22T12:58:48+00:00\" \/>\n<meta name=\"twitter:card\" content=\"summary_large_image\" \/>\n<meta name=\"twitter:label1\" content=\"Tiempo de lectura\" \/>\n\t<meta name=\"twitter:data1\" content=\"3 minutos\" \/>\n<script type=\"application\/ld+json\" class=\"yoast-schema-graph\">{\"@context\":\"https:\/\/schema.org\",\"@graph\":[{\"@type\":\"WebSite\",\"@id\":\"https:\/\/www.mazapanesbarroso.com\/blog\/#website\",\"url\":\"https:\/\/www.mazapanesbarroso.com\/blog\/\",\"name\":\"Mazapanes Barroso\",\"description\":\"Venta de Mazapanes al por mayor\",\"potentialAction\":[{\"@type\":\"SearchAction\",\"target\":{\"@type\":\"EntryPoint\",\"urlTemplate\":\"https:\/\/www.mazapanesbarroso.com\/blog\/?s={search_term_string}\"},\"query-input\":\"required name=search_term_string\"}],\"inLanguage\":\"es\"},{\"@type\":\"WebPage\",\"@id\":\"https:\/\/www.mazapanesbarroso.com\/blog\/elaboracion-artesanal\/#webpage\",\"url\":\"https:\/\/www.mazapanesbarroso.com\/blog\/elaboracion-artesanal\/\",\"name\":\"Elaboraci\\u00f3n de Mazap\\u00e1n | Paso a paso - Mazapanes Barroso\",\"isPartOf\":{\"@id\":\"https:\/\/www.mazapanesbarroso.com\/blog\/#website\"},\"datePublished\":\"2019-09-02T07:53:16+00:00\",\"dateModified\":\"2020-07-22T12:58:48+00:00\",\"description\":\"Entra y descubre c\\u00f3mo hacer mazapanes artesanales de manera sencilla paso a paso. Ent\\u00e9rate de todo lo que debes saber de mazapanes y los mejores secretos.\",\"breadcrumb\":{\"@id\":\"https:\/\/www.mazapanesbarroso.com\/blog\/elaboracion-artesanal\/#breadcrumb\"},\"inLanguage\":\"es\",\"potentialAction\":[{\"@type\":\"ReadAction\",\"target\":[\"https:\/\/www.mazapanesbarroso.com\/blog\/elaboracion-artesanal\/\"]}]},{\"@type\":\"BreadcrumbList\",\"@id\":\"https:\/\/www.mazapanesbarroso.com\/blog\/elaboracion-artesanal\/#breadcrumb\",\"itemListElement\":[{\"@type\":\"ListItem\",\"position\":1,\"name\":\"Portada\",\"item\":\"https:\/\/www.mazapanesbarroso.com\/blog\/\"},{\"@type\":\"ListItem\",\"position\":2,\"name\":\"Elaboraci\\u00f3n Artesanal\"}]}]}<\/script>\n<!-- \/ Yoast SEO plugin. -->","yoast_head_json":{"title":"Elaboraci\u00f3n de Mazap\u00e1n | Paso a paso - Mazapanes Barroso","description":"Entra y descubre c\u00f3mo hacer mazapanes artesanales de manera sencilla paso a paso. Ent\u00e9rate de todo lo que debes saber de mazapanes y los mejores secretos.","robots":{"index":"index","follow":"follow","max-snippet":"max-snippet:-1","max-image-preview":"max-image-preview:large","max-video-preview":"max-video-preview:-1"},"canonical":"https:\/\/www.mazapanesbarroso.com\/blog\/elaboracion-artesanal\/","og_locale":"es_ES","og_type":"article","og_title":"Elaboraci\u00f3n de Mazap\u00e1n | Paso a paso - Mazapanes Barroso","og_description":"Entra y descubre c\u00f3mo hacer mazapanes artesanales de manera sencilla paso a paso. Ent\u00e9rate de todo lo que debes saber de mazapanes y los mejores secretos.","og_url":"https:\/\/www.mazapanesbarroso.com\/blog\/elaboracion-artesanal\/","og_site_name":"Mazapanes Barroso","article_modified_time":"2020-07-22T12:58:48+00:00","twitter_card":"summary_large_image","twitter_misc":{"Tiempo de lectura":"3 minutos"},"schema":{"@context":"https:\/\/schema.org","@graph":[{"@type":"WebSite","@id":"https:\/\/www.mazapanesbarroso.com\/blog\/#website","url":"https:\/\/www.mazapanesbarroso.com\/blog\/","name":"Mazapanes Barroso","description":"Venta de Mazapanes al por mayor","potentialAction":[{"@type":"SearchAction","target":{"@type":"EntryPoint","urlTemplate":"https:\/\/www.mazapanesbarroso.com\/blog\/?s={search_term_string}"},"query-input":"required name=search_term_string"}],"inLanguage":"es"},{"@type":"WebPage","@id":"https:\/\/www.mazapanesbarroso.com\/blog\/elaboracion-artesanal\/#webpage","url":"https:\/\/www.mazapanesbarroso.com\/blog\/elaboracion-artesanal\/","name":"Elaboraci\u00f3n de Mazap\u00e1n | Paso a paso - Mazapanes Barroso","isPartOf":{"@id":"https:\/\/www.mazapanesbarroso.com\/blog\/#website"},"datePublished":"2019-09-02T07:53:16+00:00","dateModified":"2020-07-22T12:58:48+00:00","description":"Entra y descubre c\u00f3mo hacer mazapanes artesanales de manera sencilla paso a paso. Ent\u00e9rate de todo lo que debes saber de mazapanes y los mejores secretos.","breadcrumb":{"@id":"https:\/\/www.mazapanesbarroso.com\/blog\/elaboracion-artesanal\/#breadcrumb"},"inLanguage":"es","potentialAction":[{"@type":"ReadAction","target":["https:\/\/www.mazapanesbarroso.com\/blog\/elaboracion-artesanal\/"]}]},{"@type":"BreadcrumbList","@id":"https:\/\/www.mazapanesbarroso.com\/blog\/elaboracion-artesanal\/#breadcrumb","itemListElement":[{"@type":"ListItem","position":1,"name":"Portada","item":"https:\/\/www.mazapanesbarroso.com\/blog\/"},{"@type":"ListItem","position":2,"name":"Elaboraci\u00f3n Artesanal"}]}]}},"_links":{"self":[{"href":"https:\/\/www.mazapanesbarroso.com\/blog\/wp-json\/wp\/v2\/pages\/11"}],"collection":[{"href":"https:\/\/www.mazapanesbarroso.com\/blog\/wp-json\/wp\/v2\/pages"}],"about":[{"href":"https:\/\/www.mazapanesbarroso.com\/blog\/wp-json\/wp\/v2\/types\/page"}],"author":[{"embeddable":true,"href":"https:\/\/www.mazapanesbarroso.com\/blog\/wp-json\/wp\/v2\/users\/1"}],"replies":[{"embeddable":true,"href":"https:\/\/www.mazapanesbarroso.com\/blog\/wp-json\/wp\/v2\/comments?post=11"}],"version-history":[{"count":55,"href":"https:\/\/www.mazapanesbarroso.com\/blog\/wp-json\/wp\/v2\/pages\/11\/revisions"}],"predecessor-version":[{"id":42,"href":"https:\/\/www.mazapanesbarroso.com\/blog\/wp-json\/wp\/v2\/pages\/11\/revisions\/42"}],"wp:attachment":[{"href":"https:\/\/www.mazapanesbarroso.com\/blog\/wp-json\/wp\/v2\/media?parent=11"}],"curies":[{"name":"wp","href":"https:\/\/api.w.org\/{rel}","templated":true}]}}